git of 2212791686?
2
What is the units digit of 444873967?
7
What is the millions digit of 2085221554?
5
What is the thousands digit of 41259669?
9
What is the hundred millions digit of 605151569?
6
What is the hundreds digit of 357816269?
2
What is the ten millions digit of 45423021?
4
What is the tens digit of 1784104233?
3
What is the tens digit of 396859179?
7
What is the hundred millions digit of 257552843?
2
What is the thousands digit of 644055461?
5
What is the ten thousands digit of 113899234?
9
What is the hundred thousands digit of 930685665?
6
What is the hundreds digit of 182150678?
6
What is the billions digit of 3719656746?
3
What is the tens digit of 503872808?
0
What is the hundreds digit of 1147473948?
9
What is the hundred thousands digit of 252127715?
1
What is the tens digit of 907664221?
2
What is the units digit of 413917438?
8
What is the units digit of 77474868?
8
What is the ten millions digit of 27243203?
2
What is the hundred thousands digit of 9279243?
2
What is the ten millions digit of 245746461?
4
What is the hundred millions digit of 754451813?
7
What is the ten millions digit of 3195865571?
9
What is the hundred thousands digit of 58150035?
1
What is the hundreds digit of 162253923?
9
What is the hundreds digit of 3790118?
1
What is the millions digit of 2869813519?
9
What is the hundred thousands digit of 2022193801?
1
What is the ten thousands digit of 97688147?
8
What is the hundreds digit of 63960173?
1
What is the thousands digit of 293530953?
0
What is the hundreds digit of 29817462?
4
What is the thousands digit of 878012931?
2
What is the hundreds digit of 1840018338?
3
What is the hundreds digit of 99978138?
1
What is the ten thousands digit of 94990528?
9
What is the hundred thousands digit of 3683457611?
4
What is the hundred millions digit of 2000556373?
0
What is the tens digit of 5086569101?
0
What is the thousands digit of 62458754?
8
What is the units digit of 46846635?
5
What is the hundreds digit of 286240416?
4
What is the hundreds digit of 1128031239?
2
What is the units digit of 113032875?
5
What is the hundred thousands digit of 38333890?
3
What is the thousands digit of 158200291?
0
What is the hundred thousands digit of 22139837?
1
What is the millions digit of 232958386?
2
What is the tens digit of 60289170?
7
What is the units digit of 50208696?
6
What is the thousands digit of 127339131?
9
What is the units digit of 870089794?
4
What is the millions digit of 523199240?
3
What is the units digit of 934062210?
0
What is the hundreds digit of 100808370?
3
What is the tens digit of 4687188551?
5
What is the thousands digit of 310409526?
9
What is the tens digit of 1020699210?
1
What is the hundred thousands digit of 194431169?
4
What is the units digit of 871662132?
2
What is the hundred thousands digit of 221813038?
8
What is the units digit of 48722289?
9
What is the tens digit of 26772101?
0
What is the thousands digit of 88329795?
9
What is the units digit of 149720790?
0
What is the thousands digit of 29170349?
0
What is the ten thousands digit of 48555421?
5
What is the units digit of 1276628510?
0
What is the ten thousands digit of 46600898?
0
What is the millions digit of 293586836?
3
What is the tens digit of 2044787053?
5
What is the hundred millions digit of 7899509118?
8
What is the millions digit of 2430618410?
0
What is the hundreds digit of 3485307097?
0
What is the hundreds digit of 28998011?
0
What is the units digit of 5713851?
1
What is the ten millions digit of 92962224?
9
What is the tens digit of 218812785?
8
What is the hundreds digit of 22372852?
8
What is the tens digit of 2797039225?
2
What is the hundreds digit of 9099308?
3
What is the ten thousands digit of 3563278?
6
What is the millions digit of 151711696?
1
What is the tens digit of 2292935653?
5
What is the tens digit of 380058802?
0
What is the units digit of 361120785?
5
What is the millions digit of 208492898?
8
What is the millions digit of 12153272?
2
What is the hundred millions digit of 1148813804?
1
What is the ten millions digit of 98964269?
9
What is the millions digit of 725476672?
5
What is the millions digit of 3918883036?
8
What is the ten thousands digit of 72255320?
5
What is the ten millions digit of 2185099515?
8
What is the hundred millions digit of 6721658098?
7
What is the tens digit of 3555764886?
8
What is the billions digit of 1525635686?
1
What is the ten thousands digit of 380410109?
1
What is the hundred thousands digit of 2324154315?
1
What is the billions digit of 1206063372?
1
What is the tens digit of 1015991313?
1
What is the billions digit of 5435791709?
5
What is the ten thousands digit of 58411622?
1
What is the millions digit of 67414835?
7
What is the tens digit of 52082995?
9
What is the hundred millions digit of 977099228?
9
What is the ten thousands digit of 273211193?
1
What is the tens digit of 107573315?
1
What is the hundreds digit of 329905716?
7
What is the thousands digit of 44839341?
9
What is the billions digit of 1496104787?
1
What is the units digit of 744701842?
2
What is the tens digit of 83720684?
8
What is the ten millions digit of 99956118?
9
What is the ten thousands digit of 6447825579?
2
What is the hundreds digit of 167142043?
0
What is the thousands digit of 633142532?
2
What is the ten millions digit of 633058880?
3
What is the tens digit of 1846948836?
3
What is the ten millions digit of 76521902?
7
What is the tens digit of 4167702427?
2
What is the units digit of 38380154?
4
What is the ten thousands digit of 19508775?
0
What is the hundred thousands digit of 31790964?
7
What is the hundreds digit of 140946636?
6
What is the tens digit of 3733793653?
5
What is the hundred thousands digit of 3878415112?
4
What is the ten thousands digit of 804608349?
0
What is the hundred millions digit of 202757588?
2
What is the ten millions digit of 109033246?
0
What is the ten thousands digit of 96098842?
9
What is the units digit of 26100234?
4
What is the ten millions digit of 46816149?
4
What is the ten millions digit of 15287851?
1
What is the hundreds digit of 23530564?
5
What is the units digit of 717731163?
3
What is the hundred thousands digit of 52430906?
4
What is the ten thousands digit of 10306234?
0
What is the tens digit of 7042365784?
8
What is the ten thousands digit of 294549434?
4
What is the millions digit of 15337216?
5
What is the billions digit of 2388418663?
2
What is the millions digit of 364424487?
4
What is the ten millions digit of 5667567745?
6
What is the ten thousands digit of 1324197982?
9
What is the ten thousands digit of 145718206?
1
What is the thousands digit of 75625035?
5
What is the tens digit of 510751047?
4
What is the units digit of 749378676?
6
What is the tens digit of 4141365240?
4
What is the millions digit of 972907016?
2
What is the hundred millions digit of 4165341773?
1
What is the hundred millions digit of 2417360270?
4
What is the thousands digit of 81147880?
7
What is the ten millions digit of 33265671?
3
What is the hundreds digit of 139415079?
0
What is the tens digit of 161253078?
7
What is the units digit of 113447350?
0
What is the millions digit of 57895381?
7
What is the thousands digit of 7457408370?
8
What is the hundred millions digit of 796491980?
7
What is the tens digit of 72779606?
0
What is the thousands digit of 311474238?
4
What is the ten thousands digit of 236605899?
0
What is the hundreds digit of 37829385?
3
What is the units digit of 4245352?
2
What is the tens digit of 3160279475?
7
What is the hundred millions digit of 485298079?
4
What is the millions digit of 132985778?
2
What is the millions digit of 541373187?
1
What is the units digit of 141575855?
5
What is the ten millions digit of 807143332?
0
What is the tens digit of 22879607?
0
What is the hundred millions digit of 2079451468?
0
What is the units digit of 476516695?
5
What is the hundred thousands digit of 905839478?
8
What is the thousands digit of 65917228?
7
What is the ten millions digit of 3420690690?
2
What is the ten millions digit of 69643297?
6
What is the ten millions digit of 180727942?
8
What is the thousands digit of 4702637?
2
What is the thousands digit of 2325216631?
6
What is the hundred thousands